= 3*h + 9. Let b be w(-7). Let f be (-1)/q + (-246)/b. What is the highest common divisor of 8 and f?
4
Let g be ((-2)/4 + 0)*-8. Suppose 3*u - u = 56. Calculate the highest common divisor of g and u.
4
Let v = -181 - -258. What is the greatest common factor of v and 33?
11
Suppose 0 = -8*p + 4*p + 16. Suppose -p*k + 24 = -152. What is the highest common factor of 11 and k?
11
Let r = -1 + 4. Let u be (10/(-3))/((-10)/45). Suppose 5*v = 30 + u. Calculate the highest common divisor of v and r.
3
Suppose 0 = -3*a + 4*a + 1. Let z = 3 - a. What is the greatest common factor of 12 and z?
4
Let p(y) = y**3 + 9*y**2 + 7*y + 7. Let l be p(-7). Let a = l + 60. Suppose x + 4 - a = 0. Calculate the highest common divisor of x and 16.
16
Suppose -3*v + 0*v = 0. Suppose v = 5*s - 573 + 213. Suppose -3*n = -24 - 0. Calculate the greatest common divisor of s and n.
8
Suppose 7 = 3*d - 17. Let h = 1 + d. What is the highest common factor of h and 63?
9
Suppose x + 4*x - 35 = 0. Suppose y = -s + 5, -s - 2 = -3*y + 1. Suppose 5*n = u - 54, u + y*n = -0*n + 47. What is the greatest common factor of u and x?
7
Suppose 0 = h - 136 - 18. Calculate the greatest common divisor of 14 and h.
14
Suppose -4*u + 3*p = -21, -u - p = -0*u. Suppose 5*c = 3*s - 0*s - 128, 2*c - 100 = -u*s. What is the highest common factor of s and 90?
18
Let m(v) = -v**2 + 8*v - 3. Let q be m(5). Suppose -2*d + 3*w - 3 = -165, 5*d - 5*w = 410. Calculate the highest common divisor of d and q.
12
Let d(n) = 2*n + 4. Let j be d(4). Let m be 4/6 - (-16)/3. What is the highest common factor of j and m?
6
Let a = -18 - -21. Calculate the highest common factor of a and 33.
3
Let a = 99 + -87. Calculate the greatest common divisor of 228 and a.
12
Let s(k) = k + 23. Let z be s(-6). Calculate the greatest common factor of 153 and z.
17
Let v(k) = -6*k - 23. Let q be v(-11). Calculate the greatest common factor of q and 215.
43
Let t(x) = -2*x - 9. Let b be t(-10). What is the greatest common factor of b and 11?
11
Let a = 43 - 64. Let x = -7 - a. Suppose 770 = 2*r + 3*r. Calculate the greatest common factor of r and x.
14
Suppose 0*y + y - 156 = 0. Let q = y + -71. Suppose -5*t = -67 - 18. Calculate the highest common divisor of q and t.
17
Let n(m) = 3*m - 21. Let j(s) = -4*s + 32. Let t(l) = 5*j(l) + 8*n(l). Let x be t(11). Calculate the greatest common factor of x and 24.
12
Suppose 0*i + 57 = 3*i. Let j be (1 + 5)*38/(-12)*-3. Calculate the greatest common factor of i and j.
19
Let l(m) = m - 6. Let b be l(7). Let g(c) = -3*c + 6. Let o be g(4). Let u be (-64)/o + (-2)/(-6). Calculate the greatest common factor of b and u.
1
Suppose -4*a + 140 = 36. Calculate the greatest common factor of 156 and a.
26
Let d(g) = 71*g - 10. Let n be d(3). Calculate the greatest common divisor of n and 29.
29
Suppose 1 = -o + 4*w + 5, 0 = 5*w + 5. Suppose o = 3*q - 1 - 5, -3*f + 242 = 4*q. Calculate the highest common factor of f and 26.
26
Let a(x) = x**3 - 6*x**2 + 2*x. Let j be a(6). Let f be (-1)/4 - 26/(-8). What is the highest common factor of f and j?
3
Let y(v) be the third derivative of -5*v**4/12 + v**2. Let a be y(-1). Suppose -3*r = -r - a. What is the highest common divisor of r and 5?
5
Let n(m) = 1 - 1 + m + 2 + 3. Let g be n(6). Calculate the highest common divisor of 77 and g.
11
Suppose -3*r + 6 = -2*r. Suppose -z + r = -3. Let k = 0 + 1. Calculate the highest common factor of z and k.
1
Suppose 9 = 5*y - 11. Suppose -3 = b, 192 = 5*a - y*b + 60. Let n = 17 - 9. What is the greatest common factor of n and a?
8
Let m be (2*-1 + 0)*-36. Suppose -2*q + m = q. Calculate the highest common divisor of q and 16.
8
Suppose -5*v = -10*v + 80. Suppose v = n - 8. Calculate the highest common divisor of n and 8.
8
Suppose -273 = -3*t - 84. What is the greatest common factor of 21 and t?
21
Let i = 92 - 32. Suppose 0 = -2*s + 4, 5*b - 5*s + 76 - 16 = 0. Let v be (-6)/(-10) - 114/b. What is the highest common factor of v and i?
12
Let i(u) = 15*u. Suppose -3*g + 4*a = 0, -1 = 2*g + 2*g - 5*a. Let z = g - -6. Let t be i(z). What is the greatest common factor of t and 15?
15
Suppose 0 = -5*l + 12 + 23. Let b(x) = 3*x**2 + 2 - 10*x + 0 - x**2. Let d be b(l). Calculate the greatest common divisor of 75 and d.
15
Suppose -5*t = d - 75, 3 = -0*t - t. Suppose 3*n - 140 = -4*k, -5*k - 34 = -2*n + d. Calculate the greatest common divisor of 13 and n.
13
Let o be (24/4)/((-6)/(-20)). What is the highest common factor of 40 and o?
20
Let c(p) = 19*p - 11. Let w be c(5). Calculate the highest common factor of 14 and w.
14
Suppose 4*s = 8*s - 24. Let w(g) = 2*g**2 - 5*g - 6. Let l be w(s). What is the highest common divisor of l and 90?
18
Suppose -2*m + 60 = -7*m. Let u be (-3)/(-2)*(-16)/m. What is the highest common divisor of u and 16?
2
Let v(x) = x**2 - 4*x - 1. Let r be v(5). Let z = 25 - -19. What is the greatest common factor of r and z?
4
Let m = 42 + -20. What is the greatest common divisor of m and 55?
11
Suppose 144 + 16 = 4*h. Suppose -5*n + 82 = -68. Suppose x = -4*l + n, -x - 48 = -5*l + 3*x. Calculate the greatest common divisor of l and h.
8
Let b(x) = x**3 + 7*x**2 - 10*x - 19. Let u be b(-6). What is the highest common factor of u and 7?
7
Let c be (-4)/(-10) - (-4)/((-80)/(-12)). What is the highest common divisor of 5 and c?
1
Let k be 1*(-22 - -1)*48/(-56). Let j be (2 + 3)*36/10. What is the greatest common divisor of k and j?
18
Let u = 56 + -8. Let m(f) = -3*f - 3. Let z be m(-5). Suppose -o + z = o. Calculate the highest common factor of u and o.
6
Suppose 4*q = 12 - 4. Suppose 13 = 3*o - 35. What is the greatest common factor of o and q?
2
Let o(d) = d**3 - 5*d**2 - 4*d + 1. Let l be o(6). What is the highest common factor of l and 1?
1
Suppose 3*f + k - 682 = 280, -k - 970 = -3*f. What is the greatest common divisor of 46 and f?
46
Suppose -4*j + 2*r + 13 = -5, -2*j - 4*r - 16 = 0. Let a be ((-22)/3)/(j/(-3)). Calculate the greatest common divisor of a and 121.
11
Let v = -74 - -123. Let y = -29 + v. Calculate the highest common divisor of 180 and y.
20
Let p be 4/(-8) + (-297)/(-6). What is the highest common factor of 7 and p?
7
Suppose 2*v - 3*v - 137 = 0. Let k = v - -262. What is the greatest common divisor of 25 and k?
25
Suppose -l = -0*l - 183. Suppose -3*j + 138 = 3*u - u, -4*j - 3*u = -l. Let i(v) = 4*v - 4. Let s be i(4). Calculate the greatest common divisor of j and s.
12
Suppose -2 = -3*h + 7. Let b be (4/(-3))/((-1)/h). Suppose -g + b*g + 30 = 3*v, 0 = -3*g - 15. What is the highest common factor of 35 and v?
5
Let l(c) = -4 + 3 + 2*c - 8. Let o be l(6). Suppose -u - 3 = -0*u - 5*z, -5*z = -15. What is the highest common divisor of u and o?
3
Suppose 2*u = -2*u + 12. Let t = 1 + u. What is the greatest common factor of 1 and t?
1
Let v(a) = -a**2 + 14*a - 21. Let z be v(6). Calculate the highest common divisor of z and 3.
3
Let q = -6 - -17. Suppose -3*a = -0*a. Let l be -3 - -4 - (a - 76). Calculate the highest common divisor of l and q.
11
Let l(u) = -6 - 7 + u + 6*u - 2*u. Let a be l(7). Calculate the highest common factor of a and 176.
22
Let s be -2*(-6)/(12/5). Calculate the greatest common factor of 15 and s.
5
Let u be (-1)/(-3)*4*3. Let h be 1/2 - 10/(-4). Suppose -h = -r + 3. Calculate the highest common factor of r and u.
2
Suppose 4*k = 7 + 217. What is the greatest common factor of k and 8?
8
Let l be 1/(1/2) + 0. Let n be l/(-9) - 380/(-9). Calculate the highest common factor of n and 63.
21
Let c = -17 + 19. What is the highest common divisor of c and 14?
2
Let k(t) = t**2 - t - 2. Let y be k(2). Suppose -5*d + 6 + 9 = y. Suppose -d*r + 12 = -27. What is the highest common divisor of r and 52?
13
Suppose -5*o + 0*c = 3*c - 1219, 2*o + 5*c - 499 = 0. Calculate the greatest common divisor of o and 22.
22
Let f(v) = 2*v**3 - 5*v**2 + v - 11. Let y be f(5). What is the greatest common divisor of y and 7?
7
Let h(t) = t**3 + 11*t**2 - t + 1. Let g be h(-11). Let l(v) = v**3 + 4*v**2 - 5*v - 2. Let s be l(-4). What is the highest common divisor of g and s?
6
Let d be 2*35 - (0 - 4). Suppose 2*p - 41 = -p + 5*c, -d = -4*p - 3*c. What is the highest common divisor of 136 and p?
17
Let p(s) = -s**2 + 11*s + 52. Let h be p(11). What is the highest common factor of 117 